{"id":298,"date":"2017-11-02T03:26:01","date_gmt":"2017-11-02T05:26:01","guid":{"rendered":"http:\/\/raizesescola.com.br\/unidade-1\/?page_id=298"},"modified":"2025-09-04T11:13:24","modified_gmt":"2025-09-04T14:13:24","slug":"historia","status":"publish","type":"page","link":"http:\/\/raizesescola.com.br\/unidade-1\/historia\/","title":{"rendered":"Hist\u00f3ria"},"content":{"rendered":"<p>Fundado nos anos dois mil por duas educadoras cai\u00e7aras, Maria de F\u00e1tima de Oliveira e Andrea Simone de Oliveira Souza, o espa\u00e7o de acolhimento teve como objetivo oferecer educa\u00e7\u00e3o de qualidade e humanista, tornando o Ra\u00edzes refer\u00eancia em Educa\u00e7\u00e3o Infantil na regi\u00e3o. Ao longo dos anos ampliou espa\u00e7os, intensificou Projetos Pedag\u00f3gicos baseados no est\u00edmulo \u00e0 autonomia, responsabilidade, solidariedade e trabalho cooperativo, sempre norteado pelas diretrizes gerais da BNCC. O N\u00facleo Recreacionista Ra\u00edzes de Educa\u00e7\u00e3o Infantil acredita que educar significa: estar junto, construir, brincar, atuar, trocar, descobrir, numa intera\u00e7\u00e3o din\u00e2mica com o grupo, respeitando o educando em sua sensibilidade, Intelig\u00eancias M\u00faltiplas e pr\u00f3prias, ou seja, tanto o aspecto afetivo, quanto a fase de desenvolvimento cognitivo da crian\u00e7a.<\/p>\n","protected":false},"excerpt":{"rendered":"<p>Fundado nos anos dois mil por duas educadoras cai\u00e7aras, Maria de F\u00e1tima de Oliveira e Andrea Simone de Oliveira Souza, o espa\u00e7o de acolhimento teve como objetivo oferecer educa\u00e7\u00e3o de &#8230;<\/p>\n","protected":false},"author":2,"featured_media":0,"parent":0,"menu_order":0,"comment_status":"closed","ping_status":"closed","template":"","meta":[],"_links":{"self":[{"href":"http:\/\/raizesescola.com.br\/unidade-1\/wp-json\/wp\/v2\/pages\/298"}],"collection":[{"href":"http:\/\/raizesescola.com.br\/unidade-1\/wp-json\/wp\/v2\/pages"}],"about":[{"href":"http:\/\/raizesescola.com.br\/unidade-1\/wp-json\/wp\/v2\/types\/page"}],"author":[{"embeddable":true,"href":"http:\/\/raizesescola.com.br\/unidade-1\/wp-json\/wp\/v2\/users\/2"}],"replies":[{"embeddable":true,"href":"http:\/\/raizesescola.com.br\/unidade-1\/wp-json\/wp\/v2\/comments?post=298"}],"version-history":[{"count":2,"href":"http:\/\/raizesescola.com.br\/unidade-1\/wp-json\/wp\/v2\/pages\/298\/revisions"}],"predecessor-version":[{"id":1196,"href":"http:\/\/raizesescola.com.br\/unidade-1\/wp-json\/wp\/v2\/pages\/298\/revisions\/1196"}],"wp:attachment":[{"href":"http:\/\/raizesescola.com.br\/unidade-1\/wp-json\/wp\/v2\/media?parent=298"}],"curies":[{"name":"wp","href":"https:\/\/api.w.org\/{rel}","templated":true}]}}