{"id":8352,"date":"2026-03-18T15:01:42","date_gmt":"2026-03-18T18:01:42","guid":{"rendered":"https:\/\/raizesescola.com.br\/unidade-2\/?page_id=8352"},"modified":"2026-03-27T17:47:46","modified_gmt":"2026-03-27T20:47:46","slug":"responsabilidade-social-e-ambiental-2025","status":"publish","type":"page","link":"https:\/\/raizesescola.com.br\/unidade-2\/responsabilidade-social-e-ambiental-2025\/","title":{"rendered":"Responsabilidade Social e Ambiental 2025"},"content":{"rendered":"\t\t<div data-elementor-type=\"wp-post\" data-elementor-id=\"8352\" class=\"elementor elementor-8352\" data-elementor-post-type=\"page\">\n\t\t\t\t<div class=\"elementor-element elementor-element-9f4db76 e-flex e-con-boxed e-con e-parent\" data-id=\"9f4db76\" data-element_type=\"container\">\n\t\t\t\t\t<div class=\"e-con-inner\">\n\t\t\t\t<div class=\"elementor-element elementor-element-3fb14ce elementor-widget elementor-widget-spacer\" data-id=\"3fb14ce\" data-element_type=\"widget\" data-widget_type=\"spacer.default\">\n\t\t\t\t<div class=\"elementor-widget-container\">\n\t\t\t<style>\/*! elementor - v3.23.0 - 05-08-2024 *\/\n.elementor-column .elementor-spacer-inner{height:var(--spacer-size)}.e-con{--container-widget-width:100%}.e-con-inner>.elementor-widget-spacer,.e-con>.elementor-widget-spacer{width:var(--container-widget-width,var(--spacer-size));--align-self:var(--container-widget-align-self,initial);--flex-shrink:0}.e-con-inner>.elementor-widget-spacer>.elementor-widget-container,.e-con>.elementor-widget-spacer>.elementor-widget-container{height:100%;width:100%}.e-con-inner>.elementor-widget-spacer>.elementor-widget-container>.elementor-spacer,.e-con>.elementor-widget-spacer>.elementor-widget-container>.elementor-spacer{height:100%}.e-con-inner>.elementor-widget-spacer>.elementor-widget-container>.elementor-spacer>.elementor-spacer-inner,.e-con>.elementor-widget-spacer>.elementor-widget-container>.elementor-spacer>.elementor-spacer-inner{height:var(--container-widget-height,var(--spacer-size))}.e-con-inner>.elementor-widget-spacer.elementor-widget-empty,.e-con>.elementor-widget-spacer.elementor-widget-empty{position:relative;min-height:22px;min-width:22px}.e-con-inner>.elementor-widget-spacer.elementor-widget-empty .elementor-widget-empty-icon,.e-con>.elementor-widget-spacer.elementor-widget-empty .elementor-widget-empty-icon{position:absolute;top:0;bottom:0;left:0;right:0;margin:auto;padding:0;width:22px;height:22px}<\/style>\t\t<div class=\"elementor-spacer\">\n\t\t\t<div class=\"elementor-spacer-inner\"><\/div>\n\t\t<\/div>\n\t\t\t\t<\/div>\n\t\t\t\t<\/div>\n\t\t\t\t\t<\/div>\n\t\t\t\t<\/div>\n\t\t<div class=\"elementor-element elementor-element-6822c7b e-flex e-con-boxed e-con e-parent\" data-id=\"6822c7b\" data-element_type=\"container\">\n\t\t\t\t\t<div class=\"e-con-inner\">\n\t\t\t\t<div class=\"elementor-element elementor-element-9ff5949 elementor-widget elementor-widget-heading\" data-id=\"9ff5949\" data-element_type=\"widget\" data-widget_type=\"heading.default\">\n\t\t\t\t<div class=\"elementor-widget-container\">\n\t\t\t<style>\/*! elementor - v3.23.0 - 05-08-2024 *\/\n.elementor-heading-title{padding:0;margin:0;line-height:1}.elementor-widget-heading .elementor-heading-title[class*=elementor-size-]>a{color:inherit;font-size:inherit;line-height:inherit}.elementor-widget-heading .elementor-heading-title.elementor-size-small{font-size:15px}.elementor-widget-heading .elementor-heading-title.elementor-size-medium{font-size:19px}.elementor-widget-heading .elementor-heading-title.elementor-size-large{font-size:29px}.elementor-widget-heading .elementor-heading-title.elementor-size-xl{font-size:39px}.elementor-widget-heading .elementor-heading-title.elementor-size-xxl{font-size:59px}<\/style><h2 class=\"elementor-heading-title elementor-size-default\">Responsabilidade Social e Ambiental 2025<\/h2>\t\t<\/div>\n\t\t\t\t<\/div>\n\t\t\t\t\t<\/div>\n\t\t\t\t<\/div>\n\t\t<div class=\"elementor-element elementor-element-c534c19 e-flex e-con-boxed e-con e-parent\" data-id=\"c534c19\" data-element_type=\"container\">\n\t\t\t\t\t<div class=\"e-con-inner\">\n\t\t\t\t<div class=\"elementor-element elementor-element-e825a3e elementor-widget elementor-widget-spacer\" data-id=\"e825a3e\" data-element_type=\"widget\" data-widget_type=\"spacer.default\">\n\t\t\t\t<div class=\"elementor-widget-container\">\n\t\t\t\t\t<div class=\"elementor-spacer\">\n\t\t\t<div class=\"elementor-spacer-inner\"><\/div>\n\t\t<\/div>\n\t\t\t\t<\/div>\n\t\t\t\t<\/div>\n\t\t\t\t\t<\/div>\n\t\t\t\t<\/div>\n\t\t<div class=\"elementor-element elementor-element-1be6bec e-flex e-con-boxed e-con e-parent\" data-id=\"1be6bec\" data-element_type=\"container\" data-settings=\"{&quot;animation&quot;:&quot;none&quot;}\">\n\t\t\t\t\t<div class=\"e-con-inner\">\n\t\t\t\t<div class=\"elementor-element elementor-element-418039a elementor-widget elementor-widget-text-editor\" data-id=\"418039a\" data-element_type=\"widget\" data-widget_type=\"text-editor.default\">\n\t\t\t\t<div class=\"elementor-widget-container\">\n\t\t\t<style>\/*! elementor - v3.23.0 - 05-08-2024 *\/\n.elementor-widget-text-editor.elementor-drop-cap-view-stacked .elementor-drop-cap{background-color:#69727d;color:#fff}.elementor-widget-text-editor.elementor-drop-cap-view-framed .elementor-drop-cap{color:#69727d;border:3px solid;background-color:transparent}.elementor-widget-text-editor:not(.elementor-drop-cap-view-default) .elementor-drop-cap{margin-top:8px}.elementor-widget-text-editor:not(.elementor-drop-cap-view-default) .elementor-drop-cap-letter{width:1em;height:1em}.elementor-widget-text-editor .elementor-drop-cap{float:left;text-align:center;line-height:1;font-size:50px}.elementor-widget-text-editor .elementor-drop-cap-letter{display:inline-block}<\/style>\t\t\t\t<div class=\"flex flex-col text-sm pb-25\"><section class=\"text-token-text-primary w-full focus:outline-none [--shadow-height:45px] has-data-writing-block:pointer-events-none has-data-writing-block:-mt-(--shadow-height) has-data-writing-block:pt-(--shadow-height) [&amp;:has([data-writing-block])&gt;*]:pointer-events-auto scroll-mt-[calc(var(--header-height)+min(200px,max(70px,20svh)))]\" dir=\"auto\" data-turn-id=\"request-WEB:1773739e-8d9c-455e-9a20-aa77d7d29a91-2\" data-testid=\"conversation-turn-4\" data-scroll-anchor=\"true\" data-turn=\"assistant\"><div class=\"text-base my-auto mx-auto pb-10 [--thread-content-margin:var(--thread-content-margin-xs,calc(var(--spacing)*4))] @w-sm\/main:[--thread-content-margin:var(--thread-content-margin-sm,calc(var(--spacing)*6))] @w-lg\/main:[--thread-content-margin:var(--thread-content-margin-lg,calc(var(--spacing)*16))] px-(--thread-content-margin)\"><div class=\"[--thread-content-max-width:40rem] @w-lg\/main:[--thread-content-max-width:48rem] mx-auto max-w-(--thread-content-max-width) flex-1 group\/turn-messages focus-visible:outline-hidden relative flex w-full min-w-0 flex-col agent-turn\"><div class=\"flex max-w-full flex-col gap-4 grow\"><div class=\"min-h-8 text-message relative flex w-full flex-col items-end gap-2 text-start break-words whitespace-normal outline-none keyboard-focused:focus-ring [.text-message+&amp;]:mt-1\" dir=\"auto\" tabindex=\"0\" data-message-author-role=\"assistant\" data-message-id=\"353bd3d6-7b2b-4fe4-962c-8c7f33136021\" data-message-model-slug=\"gpt-5-3\" data-turn-start-message=\"true\"><div class=\"flex w-full flex-col gap-1 empty:hidden\"><div class=\"markdown prose dark:prose-invert w-full wrap-break-word light markdown-new-styling\"><p data-start=\"0\" data-end=\"125\" data-is-last-node=\"\" data-is-only-node=\"\">Algumas a\u00e7\u00f5es socioambientais realizadas pelo Ra\u00edzes, bem como a diponibiliza\u00e7\u00e3o de seu espa\u00e7o para a realiza\u00e7\u00e3o de forma\u00e7\u00f5es em 2025.<\/p><\/div><\/div><\/div><div class=\"puik-root not-prose not-markdown\" data-theme=\"light\"><div class=\"general-agent-cot-root\">\u00a0<\/div><\/div><\/div><div class=\"z-0 flex min-h-[46px] justify-start\">\u00a0<\/div><div class=\"mt-3 w-full empty:hidden\"><div class=\"text-center\">\u00a0<\/div><\/div><\/div><\/div><\/section><\/div><div class=\"pointer-events-none h-px w-px absolute bottom-0\" aria-hidden=\"true\" data-edge=\"true\">\u00a0<\/div>\t\t\t\t\t\t<\/div>\n\t\t\t\t<\/div>\n\t\t\t\t\t<\/div>\n\t\t\t\t<\/div>\n\t\t<div class=\"elementor-element elementor-element-6e3bef1 e-con-full e-flex e-con e-parent\" data-id=\"6e3bef1\" data-element_type=\"container\" data-settings=\"{&quot;background_background&quot;:&quot;gradient&quot;}\">\n\t\t<div class=\"elementor-element elementor-element-feb9813 e-con-full e-flex e-con e-child\" data-id=\"feb9813\" data-element_type=\"container\">\n\t\t\t\t<div class=\"elementor-element elementor-element-f30ca0c elementor-invisible elementor-widget elementor-widget-testimonial\" data-id=\"f30ca0c\" data-element_type=\"widget\" data-settings=\"{&quot;_animation&quot;:&quot;fadeInDown&quot;}\" data-widget_type=\"testimonial.default\">\n\t\t\t\t<div class=\"elementor-widget-container\">\n\t\t\t<style>\/*! elementor - v3.23.0 - 05-08-2024 *\/\n.elementor-testimonial-wrapper{overflow:hidden;text-align:center}.elementor-testimonial-wrapper .elementor-testimonial-content{font-size:1.3em;margin-bottom:20px}.elementor-testimonial-wrapper .elementor-testimonial-name{line-height:1.5;display:block}.elementor-testimonial-wrapper .elementor-testimonial-job{font-size:.85em;display:block}.elementor-testimonial-wrapper .elementor-testimonial-meta{width:100%;line-height:1}.elementor-testimonial-wrapper .elementor-testimonial-meta-inner{display:inline-block}.elementor-testimonial-wrapper .elementor-testimonial-meta .elementor-testimonial-details,.elementor-testimonial-wrapper .elementor-testimonial-meta .elementor-testimonial-image{display:table-cell;vertical-align:middle}.elementor-testimonial-wrapper .elementor-testimonial-meta .elementor-testimonial-image img{width:60px;height:60px;border-radius:50%;-o-object-fit:cover;object-fit:cover;max-width:none}.elementor-testimonial-wrapper .elementor-testimonial-meta.elementor-testimonial-image-position-aside .elementor-testimonial-image{padding-inline-end:15px}.elementor-testimonial-wrapper .elementor-testimonial-meta.elementor-testimonial-image-position-aside .elementor-testimonial-details{text-align:start}.elementor-testimonial-wrapper .elementor-testimonial-meta.elementor-testimonial-image-position-top .elementor-testimonial-details,.elementor-testimonial-wrapper .elementor-testimonial-meta.elementor-testimonial-image-position-top .elementor-testimonial-image{display:block}.elementor-testimonial-wrapper .elementor-testimonial-meta.elementor-testimonial-image-position-top .elementor-testimonial-image{margin-bottom:20px}<\/style>\t\t<div class=\"elementor-testimonial-wrapper\">\n\t\t\t\t\t\t\t<div class=\"elementor-testimonial-content\"><h2> Curso Educa\u00e7\u00e3o e Justi\u00e7a Clim\u00e1tica<h2>\n\n<h4>O Ra\u00edzes abriu suas portas para o Fundo Brasileiro de Educa\u00e7\u00e3o Ambiental realizar o curso sobre educa\u00e7\u00e3o ambiental e justi\u00e7a clim\u00e1tica. A forma\u00e7\u00e3o contou com oito encontros. Os participantes receberam apoio financeiro e uma forma\u00e7\u00e3o completa em educomunica\u00e7\u00e3o aprendendo a produzir v\u00eddeos, conte\u00fados para redes sociais, grafites e muito mais.<h4><\/div>\n\t\t\t\n\t\t\t\t\t<\/div>\n\t\t\t\t<\/div>\n\t\t\t\t<\/div>\n\t\t\t\t<\/div>\n\t\t\t\t<div class=\"elementor-element elementor-element-1934242 elementor-widget__width-initial elementor-widget-tablet__width-inherit elementor-widget elementor-widget-image\" data-id=\"1934242\" data-element_type=\"widget\" data-widget_type=\"image.default\">\n\t\t\t\t<div class=\"elementor-widget-container\">\n\t\t\t<style>\/*! elementor - v3.23.0 - 05-08-2024 *\/\n.elementor-widget-image{text-align:center}.elementor-widget-image a{display:inline-block}.elementor-widget-image a img[src$=\".svg\"]{width:48px}.elementor-widget-image img{vertical-align:middle;display:inline-block}<\/style>\t\t\t\t\t\t\t\t\t\t<img fetchpriority=\"high\" width=\"800\" height=\"520\" src=\"https:\/\/raizesescola.com.br\/unidade-2\/wp-content\/uploads\/sites\/5\/2026\/03\/WhatsApp-Image-2026-02-13-at-14.52.38-1024x666.jpeg\" class=\"attachment-large size-large wp-image-8396\" alt=\"\" srcset=\"https:\/\/raizesescola.com.br\/unidade-2\/wp-content\/uploads\/sites\/5\/2026\/03\/WhatsApp-Image-2026-02-13-at-14.52.38-1024x666.jpeg 1024w, https:\/\/raizesescola.com.br\/unidade-2\/wp-content\/uploads\/sites\/5\/2026\/03\/WhatsApp-Image-2026-02-13-at-14.52.38-300x195.jpeg 300w, https:\/\/raizesescola.com.br\/unidade-2\/wp-content\/uploads\/sites\/5\/2026\/03\/WhatsApp-Image-2026-02-13-at-14.52.38-768x499.jpeg 768w, https:\/\/raizesescola.com.br\/unidade-2\/wp-content\/uploads\/sites\/5\/2026\/03\/WhatsApp-Image-2026-02-13-at-14.52.38-1536x998.jpeg 1536w, https:\/\/raizesescola.com.br\/unidade-2\/wp-content\/uploads\/sites\/5\/2026\/03\/WhatsApp-Image-2026-02-13-at-14.52.38.jpeg 1600w\" sizes=\"(max-width: 800px) 100vw, 800px\" \/>\t\t\t\t\t\t\t\t\t\t\t\t\t<\/div>\n\t\t\t\t<\/div>\n\t\t\t\t<\/div>\n\t\t<div class=\"elementor-element elementor-element-c89bbc8 e-flex e-con-boxed e-con e-parent\" data-id=\"c89bbc8\" data-element_type=\"container\">\n\t\t\t\t\t<div class=\"e-con-inner\">\n\t\t\t\t<div class=\"elementor-element elementor-element-879c6e7 elementor-widget elementor-widget-spacer\" data-id=\"879c6e7\" data-element_type=\"widget\" data-widget_type=\"spacer.default\">\n\t\t\t\t<div class=\"elementor-widget-container\">\n\t\t\t\t\t<div class=\"elementor-spacer\">\n\t\t\t<div class=\"elementor-spacer-inner\"><\/div>\n\t\t<\/div>\n\t\t\t\t<\/div>\n\t\t\t\t<\/div>\n\t\t\t\t\t<\/div>\n\t\t\t\t<\/div>\n\t\t<div class=\"elementor-element elementor-element-3ae4d87 e-con-full e-flex e-con e-parent\" data-id=\"3ae4d87\" data-element_type=\"container\" data-settings=\"{&quot;background_background&quot;:&quot;gradient&quot;}\">\n\t\t<div class=\"elementor-element elementor-element-2d8f349 e-con-full e-flex e-con e-child\" data-id=\"2d8f349\" data-element_type=\"container\">\n\t\t\t\t<div class=\"elementor-element elementor-element-2b6ddc1 elementor-invisible elementor-widget elementor-widget-testimonial\" data-id=\"2b6ddc1\" data-element_type=\"widget\" data-settings=\"{&quot;_animation&quot;:&quot;slideInLeft&quot;}\" data-widget_type=\"testimonial.default\">\n\t\t\t\t<div class=\"elementor-widget-container\">\n\t\t\t\t\t<div class=\"elementor-testimonial-wrapper\">\n\t\t\t\t\t\t\t<div class=\"elementor-testimonial-content\"><h2> Curso Guardi\u00f5es do Rios<h2>\n<h4> O Instituto de Conserva\u00e7\u00e3o Costeira realizou   um curso de monitoramento da qualidade da \u00e1gua dos rios da regi\u00e3o, voltado a associa\u00e7\u00f5es de bairro, cidad\u00e3os interessados e a dois professores do Ra\u00edzes que participaram da forma\u00e7\u00e3o. <h4><\/div>\n\t\t\t\n\t\t\t\t\t<\/div>\n\t\t\t\t<\/div>\n\t\t\t\t<\/div>\n\t\t\t\t<\/div>\n\t\t\t\t<div class=\"elementor-element elementor-element-26f0a60 elementor-widget__width-initial elementor-widget-tablet__width-inherit elementor-widget elementor-widget-image\" data-id=\"26f0a60\" data-element_type=\"widget\" data-widget_type=\"image.default\">\n\t\t\t\t<div class=\"elementor-widget-container\">\n\t\t\t\t\t\t\t\t\t\t\t\t\t<img width=\"720\" height=\"520\" src=\"https:\/\/raizesescola.com.br\/unidade-2\/wp-content\/uploads\/sites\/5\/2026\/03\/Curso-guardioes-do-rio.jpg\" class=\"attachment-large size-large wp-image-8406\" alt=\"\" srcset=\"https:\/\/raizesescola.com.br\/unidade-2\/wp-content\/uploads\/sites\/5\/2026\/03\/Curso-guardioes-do-rio.jpg 720w, https:\/\/raizesescola.com.br\/unidade-2\/wp-content\/uploads\/sites\/5\/2026\/03\/Curso-guardioes-do-rio-300x217.jpg 300w\" sizes=\"(max-width: 720px) 100vw, 720px\" \/>\t\t\t\t\t\t\t\t\t\t\t\t\t<\/div>\n\t\t\t\t<\/div>\n\t\t\t\t<\/div>\n\t\t<div class=\"elementor-element elementor-element-898cec4 e-flex e-con-boxed e-con e-parent\" data-id=\"898cec4\" data-element_type=\"container\">\n\t\t\t\t\t<div class=\"e-con-inner\">\n\t\t\t\t<div class=\"elementor-element elementor-element-d7bec21 elementor-widget elementor-widget-spacer\" data-id=\"d7bec21\" data-element_type=\"widget\" data-widget_type=\"spacer.default\">\n\t\t\t\t<div class=\"elementor-widget-container\">\n\t\t\t\t\t<div class=\"elementor-spacer\">\n\t\t\t<div class=\"elementor-spacer-inner\"><\/div>\n\t\t<\/div>\n\t\t\t\t<\/div>\n\t\t\t\t<\/div>\n\t\t\t\t\t<\/div>\n\t\t\t\t<\/div>\n\t\t<div class=\"elementor-element elementor-element-1f5a0af e-con-full e-flex e-con e-parent\" data-id=\"1f5a0af\" data-element_type=\"container\" data-settings=\"{&quot;background_background&quot;:&quot;gradient&quot;}\">\n\t\t<div class=\"elementor-element elementor-element-6e038bc e-con-full e-flex e-con e-child\" data-id=\"6e038bc\" data-element_type=\"container\">\n\t\t\t\t<div class=\"elementor-element elementor-element-9beaff4 elementor-invisible elementor-widget elementor-widget-testimonial\" data-id=\"9beaff4\" data-element_type=\"widget\" data-settings=\"{&quot;_animation&quot;:&quot;fadeInRight&quot;}\" data-widget_type=\"testimonial.default\">\n\t\t\t\t<div class=\"elementor-widget-container\">\n\t\t\t\t\t<div class=\"elementor-testimonial-wrapper\">\n\t\t\t\t\t\t\t<div class=\"elementor-testimonial-content\"><h2>Rio Boi\u00e7ucanga em Observa\u00e7\u00e3o <h2>\n<h4>Desde 2022, o Ra\u00edzes participa do projeto Observando os Rios, em parceria com a SOS Mata Atl\u00e2ntica, realizando an\u00e1lises mensais da \u00e1gua do Rio Boi\u00e7ucanga. A partir desses estudos, foi criado um fotolivro documental, viabilizado por um edital da institui\u00e7\u00e3o. A obra re\u00fane registros fotogr\u00e1ficos do rio e dados produzidos pelos alunos, transformando o conhecimento cient\u00edfico em um conte\u00fado acess\u00edvel e educativo para escolas e \u00f3rg\u00e3os p\u00fablicos.<h4><\/div>\n\t\t\t\n\t\t\t\t\t<\/div>\n\t\t\t\t<\/div>\n\t\t\t\t<\/div>\n\t\t\t\t<\/div>\n\t\t\t\t<div class=\"elementor-element elementor-element-cb2dca0 elementor-widget__width-initial elementor-widget-tablet__width-inherit elementor-widget elementor-widget-image\" data-id=\"cb2dca0\" data-element_type=\"widget\" data-widget_type=\"image.default\">\n\t\t\t\t<div class=\"elementor-widget-container\">\n\t\t\t\t\t\t\t\t\t\t\t\t\t<img width=\"669\" height=\"449\" src=\"https:\/\/raizesescola.com.br\/unidade-2\/wp-content\/uploads\/sites\/5\/2026\/03\/03022026-vlcsnap-2026-02-03-17h34m56s158-1.jpg\" class=\"attachment-large size-large wp-image-8400\" alt=\"\" srcset=\"https:\/\/raizesescola.com.br\/unidade-2\/wp-content\/uploads\/sites\/5\/2026\/03\/03022026-vlcsnap-2026-02-03-17h34m56s158-1.jpg 669w, https:\/\/raizesescola.com.br\/unidade-2\/wp-content\/uploads\/sites\/5\/2026\/03\/03022026-vlcsnap-2026-02-03-17h34m56s158-1-300x201.jpg 300w\" sizes=\"(max-width: 669px) 100vw, 669px\" \/>\t\t\t\t\t\t\t\t\t\t\t\t\t<\/div>\n\t\t\t\t<\/div>\n\t\t\t\t<\/div>\n\t\t<div class=\"elementor-element elementor-element-6a68a97 e-flex e-con-boxed e-con e-parent\" data-id=\"6a68a97\" data-element_type=\"container\">\n\t\t\t\t\t<div class=\"e-con-inner\">\n\t\t\t\t<div class=\"elementor-element elementor-element-d57f790 elementor-widget elementor-widget-spacer\" data-id=\"d57f790\" data-element_type=\"widget\" data-widget_type=\"spacer.default\">\n\t\t\t\t<div class=\"elementor-widget-container\">\n\t\t\t\t\t<div class=\"elementor-spacer\">\n\t\t\t<div class=\"elementor-spacer-inner\"><\/div>\n\t\t<\/div>\n\t\t\t\t<\/div>\n\t\t\t\t<\/div>\n\t\t\t\t\t<\/div>\n\t\t\t\t<\/div>\n\t\t<div class=\"elementor-element elementor-element-37a8448 e-con-full e-flex e-con e-parent\" data-id=\"37a8448\" data-element_type=\"container\" data-settings=\"{&quot;background_background&quot;:&quot;gradient&quot;}\">\n\t\t<div class=\"elementor-element elementor-element-fa1ccf2 e-con-full e-flex e-con e-child\" data-id=\"fa1ccf2\" data-element_type=\"container\">\n\t\t\t\t<div class=\"elementor-element elementor-element-325005f elementor-invisible elementor-widget elementor-widget-testimonial\" data-id=\"325005f\" data-element_type=\"widget\" data-settings=\"{&quot;_animation&quot;:&quot;fadeInUp&quot;}\" data-widget_type=\"testimonial.default\">\n\t\t\t\t<div class=\"elementor-widget-container\">\n\t\t\t\t\t<div class=\"elementor-testimonial-wrapper\">\n\t\t\t\t\t\t\t<div class=\"elementor-testimonial-content\"><h2>Hist\u00f3rico<\/h2>\n\n<\/div>\n\t\t\t\n\t\t\t\t\t<\/div>\n\t\t\t\t<\/div>\n\t\t\t\t<\/div>\n\t\t\t\t<div class=\"elementor-element elementor-element-3a6fae3 elementor-align-left elementor-mobile-align-left elementor-invisible elementor-widget elementor-widget-button\" data-id=\"3a6fae3\" data-element_type=\"widget\" data-settings=\"{&quot;_animation&quot;:&quot;fadeIn&quot;}\" data-widget_type=\"button.default\">\n\t\t\t\t<div class=\"elementor-widget-container\">\n\t\t\t\t\t<div class=\"elementor-button-wrapper\">\n\t\t\t<a class=\"elementor-button elementor-button-link elementor-size-sm elementor-animation-grow\" href=\"https:\/\/raizesescola.com.br\/unidade-2\/responsabilidade-social-e-ambiental\/\">\n\t\t\t\t\t\t<span class=\"elementor-button-content-wrapper\">\n\t\t\t\t\t\t\t\t\t<span class=\"elementor-button-text\">Veja mais<\/span>\n\t\t\t\t\t<\/span>\n\t\t\t\t\t<\/a>\n\t\t<\/div>\n\t\t\t\t<\/div>\n\t\t\t\t<\/div>\n\t\t\t\t<\/div>\n\t\t\t\t<div class=\"elementor-element elementor-element-367bebf elementor-widget__width-initial elementor-widget-tablet__width-inherit elementor-widget elementor-widget-image\" data-id=\"367bebf\" data-element_type=\"widget\" data-widget_type=\"image.default\">\n\t\t\t\t<div class=\"elementor-widget-container\">\n\t\t\t\t\t\t\t\t\t\t<figure class=\"wp-caption\">\n\t\t\t\t\t\t\t\t\t\t\t<a href=\"https:\/\/raizesescola.com.br\/unidade-2\/responsabilidade-social-e-ambiental\/\">\n\t\t\t\t\t\t\t<img loading=\"lazy\" width=\"696\" height=\"480\" src=\"https:\/\/raizesescola.com.br\/unidade-2\/wp-content\/uploads\/sites\/5\/2019\/05\/Palestra-gratuita-com-o-Educador-Jos\u00e9-Pacheco-aberta-ao-p\u00fablico-junho-2015.jpg\" class=\"attachment-large size-large wp-image-808\" alt=\"\" srcset=\"https:\/\/raizesescola.com.br\/unidade-2\/wp-content\/uploads\/sites\/5\/2019\/05\/Palestra-gratuita-com-o-Educador-Jos\u00e9-Pacheco-aberta-ao-p\u00fablico-junho-2015.jpg 696w, https:\/\/raizesescola.com.br\/unidade-2\/wp-content\/uploads\/sites\/5\/2019\/05\/Palestra-gratuita-com-o-Educador-Jos\u00e9-Pacheco-aberta-ao-p\u00fablico-junho-2015-300x207.jpg 300w\" sizes=\"(max-width: 696px) 100vw, 696px\" \/>\t\t\t\t\t\t\t\t<\/a>\n\t\t\t\t\t\t\t\t\t\t\t<figcaption class=\"widget-image-caption wp-caption-text\">Palestra gratuita com o educador Jos\u00e9 Pacheco (aberta ao p\u00fablico) - Junho de 2015.<\/figcaption>\n\t\t\t\t\t\t\t\t\t\t<\/figure>\n\t\t\t\t\t\t\t<\/div>\n\t\t\t\t<\/div>\n\t\t\t\t<\/div>\n\t\t<div class=\"elementor-element elementor-element-6ae274f e-flex e-con-boxed e-con e-parent\" data-id=\"6ae274f\" data-element_type=\"container\">\n\t\t\t\t\t<div class=\"e-con-inner\">\n\t\t\t\t<div class=\"elementor-element elementor-element-0bfe530 elementor-widget elementor-widget-spacer\" data-id=\"0bfe530\" data-element_type=\"widget\" data-widget_type=\"spacer.default\">\n\t\t\t\t<div class=\"elementor-widget-container\">\n\t\t\t\t\t<div class=\"elementor-spacer\">\n\t\t\t<div class=\"elementor-spacer-inner\"><\/div>\n\t\t<\/div>\n\t\t\t\t<\/div>\n\t\t\t\t<\/div>\n\t\t\t\t\t<\/div>\n\t\t\t\t<\/div>\n\t\t<div class=\"elementor-element elementor-element-b775ffd e-flex e-con-boxed e-con e-parent\" data-id=\"b775ffd\" data-element_type=\"container\">\n\t\t\t\t\t<div class=\"e-con-inner\">\n\t\t\t\t\t<\/div>\n\t\t\t\t<\/div>\n\t\t\t\t<\/div>\n\t\t","protected":false},"excerpt":{"rendered":"<p>Responsabilidade Social e Ambiental 2025 Algumas a\u00e7\u00f5es socioambientais realizadas pelo Ra\u00edzes, bem como a diponibiliza\u00e7\u00e3o de seu espa\u00e7o para a realiza\u00e7\u00e3o de forma\u00e7\u00f5es em 2025. \u00a0\u00a0\u00a0 \u00a0 Curso Educa\u00e7\u00e3o e &#8230;<\/p>\n","protected":false},"author":6,"featured_media":0,"parent":0,"menu_order":0,"comment_status":"closed","ping_status":"closed","template":"elementor_header_footer","meta":{"_joinchat":[]},"_links":{"self":[{"href":"https:\/\/raizesescola.com.br\/unidade-2\/wp-json\/wp\/v2\/pages\/8352"}],"collection":[{"href":"https:\/\/raizesescola.com.br\/unidade-2\/wp-json\/wp\/v2\/pages"}],"about":[{"href":"https:\/\/raizesescola.com.br\/unidade-2\/wp-json\/wp\/v2\/types\/page"}],"author":[{"embeddable":true,"href":"https:\/\/raizesescola.com.br\/unidade-2\/wp-json\/wp\/v2\/users\/6"}],"replies":[{"embeddable":true,"href":"https:\/\/raizesescola.com.br\/unidade-2\/wp-json\/wp\/v2\/comments?post=8352"}],"version-history":[{"count":88,"href":"https:\/\/raizesescola.com.br\/unidade-2\/wp-json\/wp\/v2\/pages\/8352\/revisions"}],"predecessor-version":[{"id":8458,"href":"https:\/\/raizesescola.com.br\/unidade-2\/wp-json\/wp\/v2\/pages\/8352\/revisions\/8458"}],"wp:attachment":[{"href":"https:\/\/raizesescola.com.br\/unidade-2\/wp-json\/wp\/v2\/media?parent=8352"}],"curies":[{"name":"wp","href":"https:\/\/api.w.org\/{rel}","templated":true}]}}